 (base 2) in base 3?
22201
-3121 (base 4) to base 6
-1001
Convert 7782 (base 12) to base 3.
200002222
Convert 314 (base 12) to base 11.
378
Convert -189 (base 10) to base 13.
-117
What is -20211022 (base 3) in base 2?
-1001101110000
-301404 (base 7) to base 2
-1100011100010100
Convert -12010010 (base 3) to base 11.
-2890
What is -28450 (base 12) in base 5?
-3242212
-a226 (base 12) to base 11
-12249
Convert a9a (base 12) to base 10.
1558
Convert 7792 (base 12) to base 3.
200010102
What is 37249 (base 10) in base 3?
1220002121
Convert -113 (base 16) to base 12.
-1ab
What is -343 (base 8) in base 9?
-272
-24b (base 14) to base 12
-323
-40 (base 11) to base 6
-112
What is 12331 (base 5) in base 12?
686
-73 (base 10) to base 3
-2201
What is -1439 (base 11) in base 13?
-acb
Convert 111012 (base 3) to base 9.
435
What is 10111000011001 (base 2) in base 5?
334201
111320213 (base 4) to base 15
1b85e
188c8 (base 13) to base 8
135045
What is -426 (base 9) in base 2?
-101011100
2437 (base 14) to base 11
4827
-223 (base 8) to base 12
-103
Convert 8548 (base 9) to base 12.
3775
Convert 2505 (base 11) to base 6.
23052
What is 3103 (base 4) in base 5?
1321
4a4 (base 13) to base 12
576
What is 20 (base 14) in base 15?
1d
What is 310 (base 11) in base 9?
455
What is -16403 (base 7) in base 15?
-15a8
What is -1725 (base 8) in base 16?
-3d5
Convert -85bb (base 12) to base 7.
-60551
What is -527 (base 11) in base 2?
-1001111010
Convert 6220 (base 7) to base 11.
16a3
Convert 280 (base 12) to base 14.
1d6
Convert -301 (base 9) to base 13.
-15a
Convert 22735 (base 10) to base 5.
1211420
Convert 3076 (base 9) to base 14.
b72
What is 101112 (base 5) in base 10?
3282
-220 (base 9) to base 15
-c0
-10300 (base 4) to base 8
-460
Convert -509 (base 11) to base 16.
-266
-c64 (base 14) to base 5
-34230
-1001110111100010 (base 2) to base 3
-2001102222
What is 44 (base 15) in base 4?
1000
What is -12f (base 16) in base 12?
-213
What is 14a (base 13) in base 10?
231
What is -5534 (base 11) in base 8?
-16201
Convert 1413 (base 9) to base 12.
749
What is 103405 (base 6) in base 13?
3b96
What is 1202121 (base 4) in base 14?
241b
What is 103210 (base 4) in base 14?
656
Convert 20231 (base 4) to base 7.
1424
What is 35a1 (base 11) in base 16?
1265
Convert -6448 (base 10) to base 4.
-1210300
Convert -78 (base 11) to base 4.
-1111
3d65 (base 14) to base 4
2221311
-6429 (base 10) to base 13
-2c07
What is -141044 (base 6) in base 11?
-9a14
What is 31004 (base 5) in base 14?
a32
730 (base 9) to base 16
252
2003 (base 4) to base 6
335
-2132 (base 5) to base 11
-246
Convert -328 (base 11) to base 6.
-1453
-5b82 (base 12) to base 6
-115442
3a87 (base 14) to base 10
10311
Convert 1357 (base 11) to base 9.
2361
-9556 (base 10) to base 12
-5644
Convert -12868 (base 15) to base 5.
-3344043
What is -59 (base 12) in base 5?
-234
Convert 2764 (base 8) to base 15.
6b9
Convert -1534 (base 7) to base 14.
-31b
Convert 15495 (base 10) to base 4.
3302013
What is -4041 (base 12) in base 3?
-100112211
Convert -14650 (base 9) to base 13.
-472b
Convert 3243 (base 8) to base 12.
b97
Convert -323013 (base 4) to base 15.
-11c3
Convert -90 (base 11) to base 14.
-71
What is 21334 (base 6) in base 5?
43223
10348 (base 12) to base 10
21224
Convert -10221211210 (base 3) to base 8.
-230101
What is -189 (base 14) in base 12?
-225
Convert 1a8 (base 11) to base 10.
239
Convert -3808 (base 13) to base 16.
-1f0f
1400 (base 6) to base 2
101101000
-112211 (base 4) to base 16
-5a5
What is -a52 (base 13) in base 4?
-123131
Convert -621 (base 15) to base 16.
-565
40404 (base 8) to base 3
211211110
What is 74021 (base 8) in base 13?
10cb5
-6422 (base 7) to base 2
-100011011110
-4356 (base 10) to base 2
-1000100000100
What is -302050 (base 6) in base 5?
-1230130
Convert -145 (base 7) to base 14.
-5c
What is -4072 (base 9) in base 2?
-101110100101
-40332 (base 5) to base 14
-d32
What is 262 (base 13) in base 9?
514
-200 (base 3) to base 7
-24
-197 (base 11) to base 10
-227
Convert 222011120 (base 3) to base 13.
88b6
Convert -1155 (base 11) to base 4.
-113220
Convert 139c (base 13) to base 2.
101100010001
Convert -11320 (base 5) to base 9.
-1127
What is 155011 (base 7) in base 11?
20a3a
Convert 7514 (base 8) to base 11.
2a40
What is -100000111011100 (base 2) in base 9?
-25113
-795 (base 13) to base 11
-a87
-20112 (base 3) to base 10
-176
What is -321 (base 7) in base 8?
-242
7568 (base 9) to base 3
21122022
Convert 10110111110001 (base 2) to base 10.
11761
b53 (base 14) to base 8
4265
-123215 (base 8) to base 10
-42637
What is 744 (base 14) in base 11?
1092
Convert -10212110101 (base 3) to base 4.
-102211312
10509 (base 11) to base 2
11101110010111
111055 (base 7) to base 2
100110010000111
What is 404302 (base 5) in base 2?
11001100010101
What is -20002 (base 3) in base 10?
-164
What is 1000010110 (base 2) in base 9?
653
What is 21a2 (base 12) in base 15?
1182
What is 363 (base 16) in base 10?
867
-2342420 (base 5) to base 6
-533153
2901 (base 13) to base 8
13434
145340 (base 6) to base 3
201102220
-1001011011110 (base 2) to base 7
-20040
What is -130c2 (base 14) in base 15?
-dd13
Convert 176 (base 8) to base 12.
a6
Convert -d642 (base 15) to base 14.
-1270b
Convert -151152 (base 6) to base 7.
-60251
5d1 (base 16) to base 12
a41
What is 1304 (base 7) in base 13?
2c0
What is 361 (base 15) in base 9?
1041
What is -506 (base 13) in base 7?
-2324
Convert -1302000 (base 5) to base 9.
-37565
What is 346 (base 14) in base 11?
541
What is -20b9 (base 12) in base 6?
-24353
-12203220 (base 4) to base 9
-40750
What is 11101110 (base 2) in base 10?
238
Convert -27141 (base 8) to base 4.
-2321201
What is 110 (base 12) in base 8?
234
What is -2121 (base 4) in base 7?
-306
What is 4112 (base 14) in base 3?
120100101
3134 (base 6) to base 12
4aa
-123133 (base 5) to base 8
-11271
-487 (base 9) to base 2
-110010011
What is -49f (base 16) in base 8?
-2237
Convert 514 (base 7) to base 15.
121
What is 11523 (base 9) in base 14?
2b52
What is 1428 (base 10) in base 2?
10110010100
-195 (base 11) to base 16
-e1
What is 5c00 (base 15) in base 14?
71c3
Convert -18406 (base 9) to base 11.
-9617
Convert 13201 (base 5) to base 11.
876
-787 (base 16) to base 11
-14a2
Convert 21b5 (base 12) to base 15.
1192
What is -1172 (base 14) in base 6?
-22024
What is -1100 (base 7) in base 13?
-242
Convert 7392 (base 12) to base 6.
134302
-629 (base 10) to base 3
-212022
Convert 144625 (base 7) to base 13.
ca33
What is 2010210 (base 4) in base 8?
20444
Convert 424 (base 11) to base 7.
1326
67463 (base 9) to base 2
1010111100110010
123155 (base 6) to base 7
44216
916 (base 12) to base 11
a95
13534 (base 9) to base 4
2033200
What is -40444 (base 8) in base 4?
-10010210
What is -1000111111100111 (base 2) in base 4?
-20333213
Convert 449 (base 14) to base 2.
1101010001
What is -106c9 (base 13) in base 9?
-44714
Convert -642 (base 13) to base 3.
-1110120
Convert -433 (base 12) to base 5.
-4430
1233 (base 8) to base 7
1642
-45a (base 15) to base 3
-1100111
822 (base 12) to base 15
538
-4457 (base 9) to base 4
-303130
Convert -2884 (base 9) to base 4.
-202012
What is -10341 (base 5) in base 11?
-5a6
What is -110101010010 (base 2) in base 11?
-2620
Convert 2401 (base 15) to base 8.
16743
-11111110 (base 2) to base 7
-512
Convert -255 (base 13) to base 7.
-1122
What is -252110 (base 6) in base 4?
-11133222
What is a00 (base 13) in base 7?
4633
What is -1116 (base 13) in base 3?
-10021100
What is -1280 (base 9) in base 2?
-1111000011
1233 (base 15) to base 6
25533
-d4c4 (base 15) to base 11
-30862
Convert -31021 (base 4) to base 9.
-1134
Convert -61313 (base 8) to base 7.
-133510
What is -fb (base 16) in base 11?
-209
What is 332 (base 6) in base 5?
1003
What is 2120110201 (base 3) in base 10?
50644
What is -2a6 (base 11) in base 8?
-546
Convert -3db5 (base 14) to base 11.
-8245
Convert 1b79 (base 12) to base 13.
171c
1001200201 (base 3) to base 4
11012311
11221100 (base 3) to base 16
e10
Convert -10134 (base 5) to base 11.
-559
2635 (base 7) to base 12
6ba
-3200 (base 7) to base 5
-14002
-101111001 (base 2) to base 7
-1046
-52365 (base 9) to base 3
-1202102012
Convert -6115 (base 8) to base 5.
-100044
Convert -2211022 (base 3) to base 13.
-c26
What is 61631 (base 8) in base 3?